*3 - 7*f**2 - 8*f - 11. Let m(d) = d**3 - 3*d**2 - 2*d. Let w be m(4). Let o be h(w). Let n = -5 - o. What is the units digit of n?
6
Let u = -20 - -24. What is the tens digit of (-4)/(-3*u/96)?
3
Let d = 1 - -1. Let a(r) be the third derivative of r**5/20 - r**4/12 + r**3/6 - r**2. What is the units digit of a(d)?
9
Let p(q) = q + 50. What is the tens digit of p(0)?
5
Suppose -q - 3*p + 36 = -0*p, p = 5. Suppose 2*x = -l + 4*x - 8, 3*x = -3*l + q. Suppose 0 = -2*s + 6 + l. What is the units digit of s?
4
Let x be (-34)/(-4) - 3/6. Suppose 2*w = x - 0. Suppose -12 = -w*p + 28. What is the units digit of p?
0
Let x(w) = w**3 - 6*w**2 + 6*w - 3. Let c = 8 + -3. What is the units digit of x(c)?
2
Suppose -2*p + p = -3*j + 27, -4*j + 1 = p. Let y = 46 + p. What is the units digit of y?
1
Suppose -30 = 2*v + 3*v. Let y = 13 + v. What is the units digit of y?
7
Let s(w) = 2*w - 10. Let q be s(6). Suppose -7*g + 3*o - 2 = -2*g, 4*o - 16 = 0. Suppose 20 = g*h + q*d - 16, -4*d = -h - 7. What is the tens digit of h?
1
Suppose -4*u + 114 = 2*b, 3*u = -4*b - 0*u + 238. What is the tens digit of b?
6
Suppose 4*t + t - 50 = 4*l, -l + 5 = 0. What is the units digit of t?
4
Suppose -2*w = -0*w. Suppose g = -w + 7. What is the units digit of g?
7
Let g(l) = 4*l + 2. Let j be g(-2). What is the tens digit of (-12)/j - 1*-11?
1
Suppose 0 = -5*p - 0*p - 55. Let f = 22 + p. What is the tens digit of f?
1
Suppose -7*q + 3*q + 316 = 0. What is the units digit of q?
9
Suppose -y + 32 = 3*j, -3*y + 66 = -0*j + 3*j. Suppose -k + 72 = y. What is the tens digit of k?
5
Let v(d) = d**2 - 10*d + 1. Let q(k) = 2*k**2 + 2*k - 1. Let c be q(-3). Let z be v(c). Suppose 0 = -b - f + 3*f - 5, z = 3*f. What is the units digit of b?
3
Suppose -5*u = 648 + 102. Let r = -103 - u. What is the tens digit of r?
4
Suppose -3*p = -7*p - 12. Let u(j) = 2*j**2 + 4*j + 1. What is the units digit of u(p)?
7
Suppose n = -4 + 7. Suppose -9 = -2*r - n. What is the units digit of r?
3
Let j(z) = z**2 + 2*z - 5. Let n be j(-4). Let v = 2 + n. What is the units digit of v?
5
Suppose 5*s - 179 = 21. What is the units digit of s?
0
Suppose 0*u = 3*u - 3*s - 87, 111 = 3*u + 3*s. What is the units digit of u?
3
Let s be (-2)/(-5) - 565/(-25). Suppose 0 = -2*q - 3 + s. What is the units digit of q?
0
Let x(y) = 0 + y**3 - 3*y**2 - y**2 + 4 - 2*y. Let z be x(4). Let q = 8 + z. What is the units digit of q?
4
Let b be (8 + 2)*12/10. Let p = b - -2. What is the units digit of p?
4
Suppose 0*i = 4*i - 92. Suppose i = n - 7. Suppose -3*v = 3*l - n, -5*l = -3*v + 5 - 15. What is the units digit of v?
5
Let o be (-28 - -2)*(-2)/4. Let l be -1*(2 + 0 + -9). Suppose l = 5*w - o. What is the units digit of w?
4
Let d(c) = -93*c**3 - c**2 - 2*c. What is the tens digit of d(-1)?
9
Suppose -2*s - 4*f = -s - 47, -4*s + 4*f + 188 = 0. Let c = s - 20. What is the tens digit of c?
2
Let g(r) be the first derivative of r**3/3 + r**2 - 4. Let m be g(4). Suppose -4*h + m = -0*h. What is the units digit of h?
6
Let a = 13 + -8. Let l = 4 - a. What is the tens digit of -1*(-18 - -1) + l?
1
Let m be ((-140)/(-12))/(2/(-6)). Let y = -24 - m. What is the units digit of y?
1
Let d(h) = -2*h + 2. Let r be d(1). Suppose -69 = -0*f - 4*f - c, r = -4*f + 3*c + 65. What is the units digit of f?
7
Let n = -118 + 230. What is the tens digit of n?
1
Let c(j) = -6*j**2 - 2*j - 4. Let w be c(-5). What is the units digit of w/(-21) - (-3)/21?
7
What is the units digit of (-90)/(-8)*32/6?
0
Suppose -56 = c - 3*c. Suppose 2*q - 2*u - c = 0, 3*q - 5*u = -q + 59. What is the units digit of q?
1
Suppose -3*m = -0*m - 18. Let o = m - 3. Suppose -1 = -o*d + 11. What is the units digit of d?
4
Let l(o) = o + 1. Let v(m) = -m**3 + 4*m**2 - 5*m + 4. Let u be v(3). Let j be l(u). Let b = j + 10. What is the units digit of b?
9
Let t be -1 - 4/(8/10). Let y = -4 - t. What is the units digit of y/(2 + 0) - -3?
4
Let q = -8 + 13. Suppose -8*f + 88 = -3*f + 4*k, f - q*k = 35. What is the units digit of f?
0
Let m = -6 - 0. What is the tens digit of 32 + -1 + 3 + m?
2
Suppose 0 = n + 5*i - 17, -4*i + 1 = 2*n - 15. What is the units digit of n?
2
Suppose -72 = -5*a + j - 3*j, -2*a + 3*j + 25 = 0. What is the units digit of a?
4
Let s = 3 - 1. Suppose s*j - 4 = -0. Suppose 0 = j*l + 3*l - 25. What is the units digit of l?
5
Let l(c) = c**2 - 2*c. Let o be (-54)/45*10/(-4). What is the units digit of l(o)?
3
Let b = 53 - 0. What is the units digit of b?
3
Suppose 2*p - 4 - 4 = 0. Suppose -p*c = -t - 78, -7*t - 67 = -3*c - 2*t. What is the tens digit of c?
1
Suppose 0 = -2*k - 5*u + 58, -4*k + 5*k = 5*u - 1. What is the units digit of k?
9
Suppose 3*s = 5*d - 0*d + 40, 3*d + 3*s = 0. Let t = d - -6. What is the units digit of t?
1
Let q = 70 + -23. What is the units digit of q?
7
Let d(o) = -o**2 + 6*o. Let g be d(5). Suppose 4*c = 11 + g. Suppose -j + 2*u + 2 = 1, c*j = 5*u + 10. What is the units digit of j?
5
Let n be (6 + -2)*10/(-8). Let m(j) = j**3 + 6*j**2 + 3*j - 6. What is the units digit of m(n)?
4
Suppose a - 219 = -2*o + 6*a, 4*o - 5*a - 443 = 0. What is the units digit of o?
2
Let a(r) = -r - 2. Let j be a(-4). Suppose -h = -5*w - 21 - 14, -h - j*w = -14. What is the tens digit of h?
2
Let u be 111/18 - 1/6. What is the tens digit of 23/2 + (-3)/u?
1
Suppose -2*r - w = -635, -w - 2*w = -2*r + 647. What is the units digit of r?
9
Suppose 10*i - 7*i - 78 = 0. What is the units digit of i?
6
Let q(n) = -24*n - 1. Let k be (-3)/(-6)*6/(-3). What is the tens digit of q(k)?
2
Let a(z) = -z**2 + 4*z - 2. What is the units digit of a(3)?
1
Let a(m) = -m + 11. Let p be a(11). Let q = 6 - 3. Let d = q - p. What is the units digit of d?
3
Suppose 0 = 2*a - 5*s - 48, -6 - 42 = -2*a + s. Suppose 0*j = 3*j - a. What is the units digit of j?
8
Suppose -3*f + 4 = 4*y, -2*y + 6*y - f - 20 = 0. Suppose 20 = y*i - 0. Suppose -60 = -i*g + 5*w, w = 2*g - 0*g - 19. What is the units digit of g?
7
Let q = 16 - 16. Suppose q = -u - 5, 0 = -o - o - 3*u + 39. What is the tens digit of o?
2
Let l = 16 + -8. Suppose l*u - 9*u = -7. What is the units digit of u?
7
Suppose -20 + 72 = 4*v + 4*g, 3*v - 4*g = 46. What is the units digit of v?
4
What is the tens digit of 20/(-1 - -2) + 1?
2
Suppose -13 = 5*h - 38. Suppose h*n - 8 = 2. What is the units digit of n?
2
What is the units digit of (-975)/(-105) - 2/7?
9
Suppose -6*b = -b + 20. What is the units digit of (28/(-21))/(b/6)?
2
Let y(a) = -220*a**3 - 2*a**2. What is the hundreds digit of y(-1)?
2
Suppose 0 = 2*n - 26 + 6. What is the units digit of n?
0
Suppose 6*i - 2*i - 2*x = 160, -2*x = 5*i - 191. What is the units digit of i?
9
Suppose -4*v + 225 + 115 = 0. What is the tens digit of v?
8
Let u(h) = 2*h**3 - 3*h**2 + 7. What is the tens digit of u(3)?
3
Let m(u) = -u**3 - 10*u**2 - 8*u + 10. Let y be m(-9). Suppose 4*t - 3 = y. Suppose s = -t + 2. What is the units digit of s?
1
Suppose 8*r - 4*r - 3*o = -123, 4*o + 7 = -r. Let a = r - -50. What is the tens digit of a?
2
Let f be 1/3*(-984)/(-8). Suppose f - 14 = 3*u. What is the units digit of u?
9
Suppose g = -2*g + 12. Let b = g - 5. What is the units digit of (-9)/b*2/2?
9
Let z(a) = -a**3 - 7*a**2 + 9*a + 8. Let s be ((-12)/9)/((-2)/(-12)). Let l be z(s). What is the units digit of -2 + l - (4 - 16)?
0
Suppose 0*c = -3*c - 54. Let w = c + 33. Suppose 0 = 5*r - w, 0 = 3*x + 5*r + 1 - 31. What is the units digit of x?
5
Let s(p) = -p**2 - 8*p + 11. Let b be s(-9). Suppose 0 = 2*q - b, -q = -3*g - 4 + 24. What is the units digit of (-2)/5 - g/(-5)?
1
Let j(b) = -b**2 + 22*b - 13. What is the tens digit of j(18)?
5
Let l(s) = -s + 23. Let j be l(19). Let o = j - -1. What is the units digit of o?
5
Let o(t) = -2 - 3 - 11*t + 3*t + 4. What is the units digit of o(-1)?
7
Let y be (-1 - 0)/(5/(-25)). Suppose -v - y = -38. What is the units digit of v?
3
Let h(f) = 2*f**3 + 2*f**2 - 2*f - 1. Let l be h(-2). Let t be l*(2 + 24/(-10)). Let r = 7 - t. What is the units digit of r?
5
Suppose -4*q = -n + q + 158, 4*q - 260 = -2*n. What is the tens digit of n?
3
Suppose -4*x + 212 = w, 0 = 5*w + 5*x - 138 - 967. What is the units digit of w?
4
Let w(f) = f**3 + 5*f**2 - 3*f - 4. Let t be 14/35 + (-54)/10. Let p be w(t). Let l = -2 + p. What is the units digit of l?
9
Let v